 + 903 = u, -2*z + 6*u - 2*u + 1776 = 0. Suppose -3*i - 2*f + z = i, -4*f + 661 = 3*i. Let b = i - 114. Is b composite?
False
Suppose 0 = 19*l + 7*l - 520442. Is l a composite number?
True
Let v = -144 + 251. Suppose -v = 5*o - 402. Is o prime?
True
Is (46/2 + 0)*181 composite?
True
Is -3 + (-1974)/12*-26 a prime number?
False
Is ((-442)/374 + 2/11)*-6139 a prime number?
False
Let w = -11308 + 21107. Is w a prime number?
False
Suppose 0 = -0*z - z - 239. Let v = z - -153. Let s = 8 - v. Is s a composite number?
True
Suppose -5*y - s = -9865, 0*y - 1973 = -y - 2*s. Is y prime?
True
Let a(v) = 118*v**2 - 2*v + 21. Is a(3) composite?
True
Let t(r) = -10825*r + 407. Is t(-6) composite?
False
Suppose 2*l = 4*q - 255694, 186*q + l = 191*q - 319616. Is q prime?
False
Is -1 - 56/(-42) - (-103312)/6 a composite number?
True
Let t = 21 + -17. Suppose 4*f + 2*q + 0*q = 338, 4*f = t*q + 356. Suppose -5*r - f = -2*n + 65, 71 = n - 4*r. Is n a prime number?
True
Let h be (-72)/15*150/(-3). Let u be h/7*126/12. Suppose p = -3*r + 124 + 88, 0 = -5*r - 3*p + u. Is r a prime number?
False
Let b(r) = 242*r**2 - 8*r - 131. Is b(25) a prime number?
True
Suppose 1751 = -4*w - 5*a, 871 = -2*w + a - 2*a. Let q = w - -815. Is q a prime number?
False
Let j = -10 + 13. Suppose 0*c + 3*v = 5*c - 11, -5*v = j*c - 27. Suppose 8*u - c*u = 5*m - 1011, -2*u = 5*m - 987. Is m prime?
True
Suppose 4*j + 22*w - 19*w = 251383, j - 62850 = -5*w. Is j a composite number?
True
Let c(k) = -42*k + 2. Let y(p) = 21*p - 1. Let n(d) = -4*c(d) - 9*y(d). Is n(-4) a composite number?
True
Let m = -56 - -59. Suppose -m*v + 0*z + z + 4534 = 0, 0 = -3*z - 3. Is v composite?
False
Let r(j) = 2*j**2 - 9*j - 11. Let u be r(-16). Let a = 1780 - u. Is a prime?
False
Is 210951/13 - (11 - 1) a prime number?
True
Let j be (0 - -7)*(-1 + (-76)/(-28)). Suppose j*a - 16*a = -3692. Is a a prime number?
False
Suppose -3*a + 10605 = 18*a. Is a a prime number?
False
Let y = 32374 + -16647. Is y a composite number?
False
Let h(i) = 2*i**3 - 20*i**2 - 7*i + 62. Let k be h(12). Let r = 41 + 1264. Let a = r - k. Is a prime?
True
Let k(x) = -4*x - 1 - 4*x + 2*x - 8*x. Is k(-7) composite?
False
Let h = -8 + 10. Let w be 3 - (1 - h - 0). Suppose -325 = -9*p + w*p. Is p a prime number?
False
Suppose 2*q - 3*l + 309 = -q, -l = 4*q + 412. Suppose 78 + 218 = 2*i. Let j = i - q. Is j composite?
False
Let c = -15 + 61. Let k = 3 + -2. Is k/(-8)*-4*c composite?
False
Let t(u) = -u**3 + 4 - 2*u**2 - 3 - u - 4*u. Let n be t(-4). Suppose -w - 5*h + n = 0, 0 = 3*w - 7*w + 3*h + 143. Is w a composite number?
True
Suppose 2*m - 2*r - 188 = 0, -4*m + 9*r = 7*r - 382. Is m prime?
True
Let k be (-1 - -1) + 1420 + 0. Let x = -957 + k. Is x composite?
False
Let u = 40 + -62. Let j = 1 - u. Is j a prime number?
True
Let g be (-2 - -2)/3 + 5. Suppose g*s - 5968 = 1807. Is s a composite number?
True
Suppose -5*a - 2 = 8. Let p be a - 2*4/(-4). Suppose p*x + x - 159 = f, 3*x - 509 = -5*f. Is x prime?
True
Let z = -22 - -55. Let b be (-1 + 2/6)*-51. Let n = b + z. Is n a composite number?
False
Let b = -807 + 10165. Is b a composite number?
True
Let z = 2557 - 4475. Let n = z - -5859. Is n prime?
False
Let y = -113219 - -199480. Is y a prime number?
False
Suppose -3*v - 16 = 3*z + v, -z = -5*v - 1. Is (-1131 + 4 + z)*(-2)/6 composite?
True
Let f = -14 + 17. Suppose -4*t - 3*d = -16, 0*d = -f*t + 5*d + 12. Suppose -t*z = -640 - 852. Is z composite?
False
Suppose 5*o = 2*k - 9, 5*k + 3*o - 2 - 67 = 0. Let i be 284*(-2 - k/(-8)). Let d = i + 233. Is d composite?
True
Let f(s) = 21 - 49 + 100*s + 31. Is f(2) composite?
True
Suppose -10 = 3*c + w + 17, 0 = -4*c - w - 35. Let h be 0 + 4*c + -2. Let n = 245 + h. Is n prime?
True
Suppose 2*r = -b + 12, 4*b = 4*r - 3 - 9. Is 4*5/b - 0 composite?
True
Suppose -4*h + 7 = -5. Suppose 0 = -2*k - 3*i, -11 = -h*k + 5*i + 27. Is k a composite number?
True
Let m = -151277 + 231234. Is m prime?
False
Let k be -7 - (-3 - (1 + -5)). Let i = -3 - k. Suppose -v - 3*m = -76, -4*v - i*m + 328 = -m. Is v a prime number?
False
Suppose 0 = -26*a + 32*a - 93966. Is a composite?
False
Suppose 9 = k - h - 0*h, 5*h + 38 = 4*k. Suppose -k*b + 11459 = -0*b. Is b a composite number?
False
Let x(s) = -88*s + 13*s - 25*s - 10. Let v be x(-6). Suppose 0 = 6*h - 118 - v. Is h composite?
True
Let g be 20/35 + (-4)/7. Suppose 3*o - 592 + 109 = g. Is o prime?
False
Suppose -179 = -21*u + 52. Is u composite?
False
Suppose 76088 - 361550 = -18*t. Is t a composite number?
False
Let q = -3290 + 19107. Is q composite?
False
Suppose -280 = 4*c + 92. Suppose -p - 860 = -6*p. Let u = c + p. Is u prime?
True
Suppose 274 = 8*o - 270. Let a = o - -45. Is a a composite number?
False
Let n be (2/(-4) - -1)/((-3)/48). Let j(g) = -4*g**2 + 11*g - g**3 - 1 + 2 + g. Is j(n) prime?
False
Let g(f) = 11*f**2 + 16*f + 3. Let n be g(-9). Suppose 2*p = 844 + n. Is p a composite number?
False
Suppose -8885 = -4*a + 5655. Let k = -1353 + a. Suppose -6*c = -k + 728. Is c prime?
False
Let w = 1 + 5. Let g = w - -8. Is g prime?
False
Suppose 0 = -5*p + 3015 + 4385. Suppose -3*d = d - p. Let v = 581 - d. Is v a composite number?
False
Suppose 3*y - 5*k = -11, 3*y - 5*k = -k - 7. Suppose -3*a - 7*c = -2*c + 1051, -y*c + 341 = -a. Let p = 640 + a. Is p a composite number?
False
Let i = -39 + 75. Suppose -709 = i*b - 37*b. Is b prime?
True
Let r(o) = -o**3 + 9*o**2 + 10*o + 4. Let z be r(10). Suppose 2792 = z*j + 2*y, -2476 = -5*j - 4*y + 1017. Is j composite?
True
Let g(z) = -z**2 + 8*z + 5. Let i be g(8). Suppose -14 - 16 = -i*c. Is (-199)/(-3) + 4/c composite?
False
Let s(p) = -p**3 - 9*p**2 + p + 11. Suppose 0 = -3*f - 31 + 4. Let v be s(f). Suppose -v*o = -r + 5, -4*o = -5*r + 49 - 0. Is r prime?
True
Suppose -2*u - 2 = -10. Let d be u/6*(8 - 2). Suppose -d*n = -5*z - 464, 5*z + 0*z + 585 = 5*n. Is n prime?
False
Is 16272/(-96)*44/(-6) a prime number?
False
Let s = 2800 + 829. Is s composite?
True
Let q be ((2*-1)/2)/(11/(-22)). Suppose -q*f + 11*f - 30339 = 0. Is f composite?
False
Let r(v) = 17*v**3 + 7*v**2 - 44*v + 339. Is r(13) prime?
True
Suppose -5*b + b = 0. Suppose b = -3*c + 5*c - 1070. Is c composite?
True
Suppose 880 = n - b, 1 = -3*b - 8. Is n a composite number?
False
Suppose -15 = -3*r - 0. Suppose -5*x - 5*u = -878 + 20308, 0 = -2*u + 4. Is x/(-15) - r/25 a prime number?
False
Suppose 3*t - 2861 = -4*p, -t = p - 1228 + 275. Let n = t + -100. Is n prime?
False
Let w(o) be the second derivative of 13*o**3/3 - 13*o**2/2 + 7*o. Let j(u) = -u**3 - 4*u**2 - u + 2. Let l be j(-4). Is w(l) composite?
True
Suppose -34*a = -55869 - 6385. Is a a prime number?
True
Let r(i) = -660*i - 1. Let w(y) = -y. Let c be w(1). Is r(c) a prime number?
True
Let i = -16 + 22. Suppose 4*z - i = 2. Suppose -v - 1136 = -3*x, z*v + 387 = -x + 2*x. Is x a composite number?
True
Let f(o) = 404*o**3 + 10*o**2 - 5*o + 1. Is f(2) prime?
False
Suppose -z - 147 + 3462 = 0. Suppose 5*u - 4*h - 8289 = -0*u, -2*u = -h - z. Is u composite?
False
Let n(p) = -8*p - 61. Let t be n(-8). Suppose -t*o = s - 2324, 710 = 5*s + 3*o - 10946. Is s a prime number?
True
Let n(b) = -977*b**3 - 11*b**2 + b + 4. Is n(-3) a composite number?
True
Let b = 4249 + -1116. Is b prime?
False
Suppose 91*f - 89*f = 11746. Is f a composite number?
True
Let w(i) = i**2 + 2*i + 4. Let n be w(-2). Suppose n*a = 2 + 10. Suppose -a*t + 199 = -92. Is t prime?
True
Suppose 2*h + h = 15. Suppose -h*z - w + 1100 = 0, 0 = 5*z + 2*w - 514 - 591. Suppose 5*o - z = p, -4*p = -3*o + 1 + 144. Is o composite?
False
Suppose 0 = 3*o + o - 8. Let g be -1 - ((-6)/o + -1). Suppose 364 = g*y + y. Is y a prime number?
False
Suppose 5*d + 20 = 0, 0*d + d - 6750 = -2*r. Is r a composite number?
True
Is (45/(-36))/((-3)/10068) a composite number?
True
Suppose -5*d + v = 5, 2*v - 10 = -0*d + 4*d. Let n be 218 - ((-6 - -3) + d). Suppose 0 = -3*b + n + 586. Is b prime?
True
Let s(d) = 20*d**2 + 19*d + 32. Let a(t) = -10*t**2 - 9*t - 16. Let x(j) = -5*a(j) - 2*s(j). Let g be x(7). Is (-2)/(549/g - 1) a prime number?
False
Suppose -7*n - 1090 = -54. Is ((-26)/8)/(1/n) prime?
False
Let q(c) = c**3 - 6*c**2 - 10*c - 10. Let z be q(9). Suppose -17*k + 18*k = z. Is k composite?
True
Suppose 6*k = 4 + 3788. Suppose 5*z - 2763 - k = 0.